igit of n(-10)?
2
What is the ten thousands digit of 105/(-42)*((-69238)/8 - (-9)/12)?
2
Let x = -48 - -25. Let h = x - -22. What is the units digit of (-244)/h*7/28?
1
Let y = -465 + -442. Let b = -477 - y. What is the tens digit of b?
3
Let w(d) = 7*d**3 - 3*d**2 + 5*d - 1. Let j be w(4). Let s = j - 225. Suppose 2*n - 4*m = s, -183 = 5*n - 4*m - 692. What is the hundreds digit of n?
1
Let p(y) = 127*y + 12. Let u(x) = -510*x - 50. Let r(k) = -9*p(k) - 2*u(k). What is the units digit of r(-4)?
4
Suppose 3*w - 66 = -3*w. Suppose -4*m + w = -5*p, p = 5*m - 0*p - 19. Suppose -o - m*o - 5*z = -500, 204 = 2*o + 3*z. What is the units digit of o?
6
Suppose 122 = -5*f + 162. Suppose -2*m + 3*w = f*w - 1447, -2*m + 1477 = -5*w. What is the units digit of m?
1
Let v = 16207 + -6663. What is the tens digit of v?
4
Let w(c) = 2*c - 20. Let z be w(10). Let b be -2 + (-4 - z - 21). Let f = 173 - b. What is the hundreds digit of f?
2
Suppose -9*i - 16 = -5*i. Let s(n) = n + 8. Let h be s(i). Suppose -103 = -h*q + 125. What is the units digit of q?
7
Suppose 1330 - 1082 = 4*m. What is the units digit of m?
2
Suppose 0 = -2*c - 8*m + 12*m - 12, -10 = -5*c + 2*m. What is the tens digit of (-845 - 6)*(-4)/c?
5
Let d be (-2*1/(-3))/(14/129801). Suppose 0 = 11*r - 4247 - d. What is the tens digit of r?
4
Let n be -5 - (-355)/(-5)*-3. Let b = 11 + n. What is the hundreds digit of b?
2
Suppose 0 = 16*i + 57334 - 381430. What is the tens digit of i?
5
Let t = -3699 + 2555. What is the tens digit of (-24)/((-24)/6) - t?
5
Suppose -42610 = -5*a + 3*h, 3*h = -4*a + 6*h + 34091. What is the thousands digit of a?
8
Let m(v) = -129*v**3 - 16*v**2 - 51*v - 4. What is the tens digit of m(-6)?
9
Let c = -17923 + 35614. What is the ten thousands digit of c?
1
Let y(j) = -j**2 - 3*j + 282. Let m = -87 - -87. Let w be y(m). Suppose -8*z + 2*z = -w. What is the tens digit of z?
4
Suppose 5 = 2*a - 3. Let f be ((-4)/((-16)/(-6)))/((-12)/24). Suppose f*i + 3*t - 218 = -t, -i + a*t = -62. What is the units digit of i?
0
Let x(h) = -2*h**2 - h + 3. Let p be x(0). Suppose 0*m = -p*m + 2*g + 893, -3*g + 15 = 0. What is the units digit of m?
1
Let d be (9 - 15/5) + -2. Let n(g) = 6*g**2 - d*g**3 - 3*g + g**3 + 2*g**3 - 7 - 19*g**2. What is the tens digit of n(-13)?
3
Suppose -37*g + 3554 = -45101. Suppose -g = -24*p + 13685. What is the tens digit of p?
2
Suppose -759 = 6*w - 39*w. Let g(b) = -b**3 + 24*b**2 + 51*b - 43. Let f(n) = n**2. Let u(y) = -3*f(y) + g(y). What is the units digit of u(w)?
2
What is the thousands digit of 114/24*-2*-1366?
2
Suppose 5*r - 2910 = -4*b, 1746 = 3*r + 162*b - 165*b. What is the hundreds digit of r?
5
Suppose -3*f = -5*f + 196. Let k = 15 + f. What is the units digit of k?
3
Suppose 3*o = -0 + 9. Suppose 0 = 4*v + 2*h - 502 - 728, -4*v + o*h + 1255 = 0. What is the hundreds digit of v?
3
Let t(i) = -2*i**3 + 133*i**2 - 47*i + 152. What is the hundreds digit of t(66)?
4
What is the thousands digit of (-1321473)/139*(-2 - 10/(-6))?
3
Let g(v) = v**3 + 31*v**2 - 323*v + 69. What is the hundreds digit of g(-36)?
2
Let o be 4 - 0 - (11 + -9). What is the hundreds digit of 271 - (-2 + 0/(-7 + o))?
2
Let s be (9/(-5))/(8 + 351/(-45)). Let n(t) = -14*t + 69. What is the units digit of n(s)?
5
Suppose -74*s + 32*s + 23*s = -470953. What is the units digit of s?
7
Let t(y) be the second derivative of y**5/20 + 19*y**4/12 - y**3/6 + 18*y**2 - 38*y. What is the tens digit of t(-19)?
5
Let b(p) be the first derivative of -32*p**2 - 53*p + 3632. Suppose 4*g - 4*r + 8 = 0, 5*r - 2 = 4*g + 3. What is the hundreds digit of b(g)?
2
Let s(v) = 2*v**2 - 36*v + 111. Let c(n) = n**2 - 35*n + 112. Let x(l) = -7*c(l) + 6*s(l). What is the tens digit of x(7)?
3
Suppose 25*j + 79806 = 257281. Suppose 15 = -23*f + j. What is the hundreds digit of f?
3
Let d be (13 - 6) + -4 - (0 + -3). Let l be d/(-2)*(-2)/(-12)*-8. Suppose 0 = -2*h + l*y + 152, 138 + 156 = 4*h - 3*y. What is the tens digit of h?
7
Suppose -181*y - 10947 = -182*y + 18747. What is the tens digit of y?
9
Let o(u) = 74*u**2 - 833*u - 25. What is the tens digit of o(17)?
0
Let g(k) = -k**3 + 12*k**2 + 14*k + 22. Let f be g(13). Let h = f + -33. What is the tens digit of 53/((-3)/((-6)/h))?
5
Suppose -62*w = 80*w + 52*w - 10776894. What is the thousands digit of w?
5
Let l = 1 - -10. Let g = -1093 - -1100. Suppose g*u + 600 = l*u. What is the tens digit of u?
5
Suppose 0*f = -5*f + 900. Suppose -111*i - 80 = -127*i. Suppose -7*o + 3*o = i*k - 698, 4*k = -o + f. What is the tens digit of o?
7
Suppose 27*k - 19*k = 16. What is the units digit of (k*(-2)/6)/((-54)/68364)?
4
Suppose 90972 = -3551*z + 3563*z. What is the units digit of z?
1
Let c = 14606 - 7904. What is the thousands digit of c?
6
Let w(p) = -2*p - 11. Let h be w(-1). Let b(i) = 12*i**2 + 21*i + 102. What is the hundreds digit of b(h)?
8
Let b be 15/3*(33348/(-30))/7. Let s = b + 1338. What is the units digit of s?
4
Suppose -352500 = 1064*a - 1094*a. What is the hundreds digit of a?
7
Let o = -36 + -72. What is the units digit of 7/7 + 22/(-4)*o?
5
Suppose 0 = -55*t + 23*t + 289056. What is the units digit of t?
3
Let o(u) = -u**3 + 2*u**2 - 4*u + 3. Let x be o(2). Let t = 8 + x. Suppose -t*w = -26 + 2. What is the units digit of w?
8
Suppose 0 = -381*k + 388*k - 1169. Let r = k + 837. What is the thousands digit of r?
1
What is the tens digit of 2*2 + (24351 - 416/(-26))?
7
Let s = -65 + 150. Let t = s + -39. Suppose -43*m + 44*m = t. What is the units digit of m?
6
Let n = 5621 + -1677. What is the units digit of n?
4
Let b(i) = i**3 - i**2 - 4*i + 7. Let h(s) = s - 1. Suppose 3*r + g = -0*r + 1, -2*r - 1 = g. Let t(a) = r*b(a) + 10*h(a). What is the hundreds digit of t(5)?
2
Let y(c) = -c**3 + 6*c**2 - 7*c. Let k be y(4). Suppose 4*t + 104 = 4*i, -k*t = i - 3*i + 46. What is the units digit of i?
9
What is the ten thousands digit of (-2730)/(-325)*(-40985)/(-21)?
1
Let j = 50 + -50. Let q be (j + 47)*-1*(6 - 8). Suppose -18*x + q = -17*x. What is the tens digit of x?
9
Suppose -66*n + 40890 + 1480806 = 0. What is the hundreds digit of n?
0
Suppose 3*j + 8 - 8 = 0. Suppose 6*s + 418 + 2216 = j. What is the hundreds digit of s*(-2)/8 - 2/(-8)?
1
Let r be ((-25239)/(-47))/(-2 + 3). Suppose r*g - 1765 = 532*g. What is the units digit of g?
3
Let b(f) = -7*f + 39. Let n(w) = -14*w - 5. Let z be n(-4). Let a = 37 - z. What is the hundreds digit of b(a)?
1
Suppose m - 23 = -5*o, -3*m = -o - 8 + 3. Suppose 5*b - 6345 = -5*k, m*k + 3831 = 6*b - 3*b. What is the tens digit of b?
7
Let t be -1*5 - 10*(-4)/8. Suppose -16 = 3*h + h, 4*r - 5*h = 36. Suppose t = r*u - 241 - 79. What is the tens digit of u?
8
Let m(v) = -3*v**2 + 13*v + 10. Let f be m(4). Suppose -f*q = -20*q + 690. What is the hundreds digit of q?
1
Let v = 589 + -112. Suppose -2*d + v = 5*u, -338 = -2*d + 4*u + 94. What is the units digit of d?
6
Let n be (-4)/(-3)*(13 - 28). What is the units digit of 0 + 2/(-20) + (-362)/n?
8
Let c(l) = -417*l**3 + 4*l**2 - 11*l + 2. What is the tens digit of c(-6)?
8
Let d(h) = -789*h + 329. What is the thousands digit of d(-7)?
5
Let v(t) = 25*t**2 + 9*t + 39. Let m be v(-7). Suppose -4*x + 3788 = -4*o, m = x + o + 262. What is the units digit of x?
3
Suppose b + 4*q - 3321 = 0, 5*b + 42*q = 45*q + 16628. What is the thousands digit of b?
3
Suppose 4*v = 2*p - 25872, 2*p = -101*v + 103*v + 25860. What is the units digit of p?
4
Let l be (190/(-114))/(5/(-9)). Suppose 13*q = l*q + 4060. What is the hundreds digit of q?
4
Let x(r) be the third derivative of r**5/30 - 3*r**4/2 + 2*r**3 + 24*r**2. Let f be x(18). Suppose 56 = -11*z + f*z. What is the tens digit of z?
5
Suppose 5*n + 3*h + 45 = 0, -2*n - n = -5*h - 7. What is the units digit of (-17)/((-119)/154)*(-87)/n?
9
Let l(i) = i**2 - 27*i - 52. Let w be l(21). Let j = -90 - w. Let g = 158 - j. What is the tens digit of g?
7
What is the ten thousands digit of (-13228376)/(-901) - 6/(-51)?
1
Let n be 27/18*(4 + 44). What is the hundreds digit of 736/n - 10 - (-7034)/18?
3
Suppose h = t + 4 - 0, -5*t + 3*h - 16 = 0. Let p be (t + 1)*(-4 + -142). Let v = p - 95. What is the units digit of v?
1
Suppose 1212 + 270 = 2*k. Let q = k + -487. Suppose 0*c + q = 2*l - 4*c, c = -5*l + 690. What is the tens digit 